{"id":9922,"date":"2021-03-11T13:54:26","date_gmt":"2021-03-11T18:54:26","guid":{"rendered":"http:\/\/prefecturadeesmeraldas.gob.ec\/?page_id=9922"},"modified":"2021-03-11T14:05:06","modified_gmt":"2021-03-11T19:05:06","slug":"estudio-de-impacto-ambiental-ex-post-para-las-etapas-de-operacion-mantenimiento-y-abandono-de-la-actividad-de-servicios-de-salud-del-hospital-basico-clinica-alfa","status":"publish","type":"page","link":"https:\/\/prefecturadeesmeraldas.gob.ec\/index.php\/estudio-de-impacto-ambiental-ex-post-para-las-etapas-de-operacion-mantenimiento-y-abandono-de-la-actividad-de-servicios-de-salud-del-hospital-basico-clinica-alfa\/","title":{"rendered":"Estudio de Impacto Ambiental Ex post para las etapas de Operaci\u00f3n, mantenimiento y abandono de la actividad de servicios de salud del Hospital B\u00e1sico &#8220;Cl\u00ednica Alfa\u201d"},"content":{"rendered":"\t\t<div data-elementor-type=\"wp-post\" data-elementor-id=\"9922\" class=\"elementor elementor-9922\">\n\t\t\t\t\t\t<section class=\"elementor-section elementor-top-section elementor-element elementor-element-7528ff3 elementor-section-boxed elementor-section-height-default elementor-section-height-default\" data-id=\"7528ff3\" data-element_type=\"section\">\n\t\t\t\t\t\t<div class=\"elementor-container elementor-column-gap-default\">\n\t\t\t\t\t<div class=\"elementor-column elementor-col-100 elementor-top-column elementor-element elementor-element-cd9f882\" data-id=\"cd9f882\" data-element_type=\"column\">\n\t\t\t<div class=\"elementor-widget-wrap elementor-element-populated\">\n\t\t\t\t\t\t<div class=\"elementor-element elementor-element-bfe4d60 elementor-widget elementor-widget-image\" data-id=\"bfe4d60\" data-element_type=\"widget\" data-widget_type=\"image.default\">\n\t\t\t\t<div class=\"elementor-widget-container\">\n\t\t\t\t\t\t\t\t\t\t\t\t\t\t\t<img fetchpriority=\"high\" decoding=\"async\" width=\"775\" height=\"607\" src=\"https:\/\/prefecturadeesmeraldas.gob.ec\/wp-content\/uploads\/2021\/03\/IMPACTO-AMBIENTAL.jpg\" class=\"attachment-large size-large wp-image-9916\" alt=\"\" srcset=\"https:\/\/prefecturadeesmeraldas.gob.ec\/wp-content\/uploads\/2021\/03\/IMPACTO-AMBIENTAL.jpg 775w, https:\/\/prefecturadeesmeraldas.gob.ec\/wp-content\/uploads\/2021\/03\/IMPACTO-AMBIENTAL-300x235.jpg 300w, https:\/\/prefecturadeesmeraldas.gob.ec\/wp-content\/uploads\/2021\/03\/IMPACTO-AMBIENTAL-768x602.jpg 768w\" sizes=\"(max-width: 775px) 100vw, 775px\" \/>\t\t\t\t\t\t\t\t\t\t\t\t\t\t\t<\/div>\n\t\t\t\t<\/div>\n\t\t\t\t\t<\/div>\n\t\t<\/div>\n\t\t\t\t\t<\/div>\n\t\t<\/section>\n\t\t\t\t<section class=\"elementor-section elementor-top-section elementor-element elementor-element-11cee0d elementor-section-boxed elementor-section-height-default elementor-section-height-default\" data-id=\"11cee0d\" data-element_type=\"section\">\n\t\t\t\t\t\t<div class=\"elementor-container elementor-column-gap-default\">\n\t\t\t\t\t<div class=\"elementor-column elementor-col-100 elementor-top-column elementor-element elementor-element-5cec225\" data-id=\"5cec225\" data-element_type=\"column\">\n\t\t\t<div class=\"elementor-widget-wrap elementor-element-populated\">\n\t\t\t\t\t\t<div class=\"elementor-element elementor-element-16b360b elementor-button-success elementor-align-center elementor-widget elementor-widget-button\" data-id=\"16b360b\" data-element_type=\"widget\" data-widget_type=\"button.default\">\n\t\t\t\t<div class=\"elementor-widget-container\">\n\t\t\t\t\t\t\t\t\t<div class=\"elementor-button-wrapper\">\n\t\t\t\t\t<a class=\"elementor-button elementor-button-link elementor-size-sm\" href=\"http:\/\/prefecturadeesmeraldas.gob.ec\/docs\/clinica-alfa-esmeraldas.pdf\">\n\t\t\t\t\t\t<span class=\"elementor-button-content-wrapper\">\n\t\t\t\t\t\t\t\t\t<span class=\"elementor-button-text\">Haz clic aqu\u00ed PDF<\/span>\n\t\t\t\t\t<\/span>\n\t\t\t\t\t<\/a>\n\t\t\t\t<\/div>\n\t\t\t\t\t\t\t\t<\/div>\n\t\t\t\t<\/div>\n\t\t\t\t\t<\/div>\n\t\t<\/div>\n\t\t\t\t\t<\/div>\n\t\t<\/section>\n\t\t\t\t<section class=\"elementor-section elementor-top-section elementor-element elementor-element-1f4ae29 elementor-section-boxed elementor-section-height-default elementor-section-height-default\" data-id=\"1f4ae29\" data-element_type=\"section\">\n\t\t\t\t\t\t<div class=\"elementor-container elementor-column-gap-default\">\n\t\t\t\t\t<div class=\"elementor-column elementor-col-100 elementor-top-column elementor-element elementor-element-ffb47ad\" data-id=\"ffb47ad\" data-element_type=\"column\">\n\t\t\t<div class=\"elementor-widget-wrap elementor-element-populated\">\n\t\t\t\t\t\t<div class=\"elementor-element elementor-element-94d954e elementor-button-warning elementor-align-center elementor-widget elementor-widget-button\" data-id=\"94d954e\" data-element_type=\"widget\" data-widget_type=\"button.default\">\n\t\t\t\t<div class=\"elementor-widget-container\">\n\t\t\t\t\t\t\t\t\t<div class=\"elementor-button-wrapper\">\n\t\t\t\t\t<a class=\"elementor-button elementor-button-link elementor-size-sm\" href=\"http:\/\/prefecturadeesmeraldas.gob.ec\/wp-content\/uploads\/2021\/03\/PERMISO-DE-BOMBEROS-CLINICA-ALFA.pdf\">\n\t\t\t\t\t\t<span class=\"elementor-button-content-wrapper\">\n\t\t\t\t\t\t\t\t\t<span class=\"elementor-button-text\">PERMISO DE BOMBEROS CLINICA ALFA PDF<\/span>\n\t\t\t\t\t<\/span>\n\t\t\t\t\t<\/a>\n\t\t\t\t<\/div>\n\t\t\t\t\t\t\t\t<\/div>\n\t\t\t\t<\/div>\n\t\t\t\t\t<\/div>\n\t\t<\/div>\n\t\t\t\t\t<\/div>\n\t\t<\/section>\n\t\t\t\t<section class=\"elementor-section elementor-top-section elementor-element elementor-element-1ca0d71 elementor-section-boxed elementor-section-height-default elementor-section-height-default\" data-id=\"1ca0d71\" data-element_type=\"section\">\n\t\t\t\t\t\t<div class=\"elementor-container elementor-column-gap-default\">\n\t\t\t\t\t<div class=\"elementor-column elementor-col-100 elementor-top-column elementor-element elementor-element-6730f5a\" data-id=\"6730f5a\" data-element_type=\"column\">\n\t\t\t<div class=\"elementor-widget-wrap elementor-element-populated\">\n\t\t\t\t\t\t<div class=\"elementor-element elementor-element-f42e0b1 elementor-button-success elementor-align-center elementor-widget elementor-widget-button\" data-id=\"f42e0b1\" data-element_type=\"widget\" data-widget_type=\"button.default\">\n\t\t\t\t<div class=\"elementor-widget-container\">\n\t\t\t\t\t\t\t\t\t<div class=\"elementor-button-wrapper\">\n\t\t\t\t\t<a class=\"elementor-button elementor-button-link elementor-size-sm\" href=\"http:\/\/prefecturadeesmeraldas.gob.ec\/wp-content\/uploads\/2021\/03\/DOCUMENTOS-DE-PERMISO-PARA-FUNCIONAMIENTO.pdf\">\n\t\t\t\t\t\t<span class=\"elementor-button-content-wrapper\">\n\t\t\t\t\t\t\t\t\t<span class=\"elementor-button-text\">DOCUMENTOS DE PERMISO PARA FUNCIONAMIENTO PDF<\/span>\n\t\t\t\t\t<\/span>\n\t\t\t\t\t<\/a>\n\t\t\t\t<\/div>\n\t\t\t\t\t\t\t\t<\/div>\n\t\t\t\t<\/div>\n\t\t\t\t\t<\/div>\n\t\t<\/div>\n\t\t\t\t\t<\/div>\n\t\t<\/section>\n\t\t\t\t<section class=\"elementor-section elementor-top-section elementor-element elementor-element-b1818c5 elementor-section-boxed elementor-section-height-default elementor-section-height-default\" data-id=\"b1818c5\" data-element_type=\"section\">\n\t\t\t\t\t\t<div class=\"elementor-container elementor-column-gap-default\">\n\t\t\t\t\t<div class=\"elementor-column elementor-col-100 elementor-top-column elementor-element elementor-element-d6655b5\" data-id=\"d6655b5\" data-element_type=\"column\">\n\t\t\t<div class=\"elementor-widget-wrap elementor-element-populated\">\n\t\t\t\t\t\t<div class=\"elementor-element elementor-element-14f400e elementor-button-warning elementor-align-center elementor-widget elementor-widget-button\" data-id=\"14f400e\" data-element_type=\"widget\" data-widget_type=\"button.default\">\n\t\t\t\t<div class=\"elementor-widget-container\">\n\t\t\t\t\t\t\t\t\t<div class=\"elementor-button-wrapper\">\n\t\t\t\t\t<a class=\"elementor-button elementor-button-link elementor-size-sm\" href=\"http:\/\/prefecturadeesmeraldas.gob.ec\/wp-content\/uploads\/2021\/03\/CADENA-DE-CUSTODIA-MUETSRAS-DE-AGUA.pdf\">\n\t\t\t\t\t\t<span class=\"elementor-button-content-wrapper\">\n\t\t\t\t\t\t\t\t\t<span class=\"elementor-button-text\">CADENA DE CUSTODIA MUETSRAS DE AGUA PDF<\/span>\n\t\t\t\t\t<\/span>\n\t\t\t\t\t<\/a>\n\t\t\t\t<\/div>\n\t\t\t\t\t\t\t\t<\/div>\n\t\t\t\t<\/div>\n\t\t\t\t\t<\/div>\n\t\t<\/div>\n\t\t\t\t\t<\/div>\n\t\t<\/section>\n\t\t\t\t<section class=\"elementor-section elementor-top-section elementor-element elementor-element-12be574 elementor-section-boxed elementor-section-height-default elementor-section-height-default\" data-id=\"12be574\" data-element_type=\"section\">\n\t\t\t\t\t\t<div class=\"elementor-container elementor-column-gap-default\">\n\t\t\t\t\t<div class=\"elementor-column elementor-col-100 elementor-top-column elementor-element elementor-element-65ace69\" data-id=\"65ace69\" data-element_type=\"column\">\n\t\t\t<div class=\"elementor-widget-wrap elementor-element-populated\">\n\t\t\t\t\t\t<div class=\"elementor-element elementor-element-bfd4f79 elementor-button-success elementor-align-center elementor-widget elementor-widget-button\" data-id=\"bfd4f79\" data-element_type=\"widget\" data-widget_type=\"button.default\">\n\t\t\t\t<div class=\"elementor-widget-container\">\n\t\t\t\t\t\t\t\t\t<div class=\"elementor-button-wrapper\">\n\t\t\t\t\t<a class=\"elementor-button elementor-button-link elementor-size-sm\" href=\"http:\/\/prefecturadeesmeraldas.gob.ec\/wp-content\/uploads\/2021\/03\/Observaciones-y-requerimientos-clinica.pdf\">\n\t\t\t\t\t\t<span class=\"elementor-button-content-wrapper\">\n\t\t\t\t\t\t\t\t\t<span class=\"elementor-button-text\">OBSERVACIONES Y REQUERIMIENTOS CLINICA PDF<\/span>\n\t\t\t\t\t<\/span>\n\t\t\t\t\t<\/a>\n\t\t\t\t<\/div>\n\t\t\t\t\t\t\t\t<\/div>\n\t\t\t\t<\/div>\n\t\t\t\t\t<\/div>\n\t\t<\/div>\n\t\t\t\t\t<\/div>\n\t\t<\/section>\n\t\t\t\t<\/div>\n\t\t","protected":false},"excerpt":{"rendered":"<p>Haz clic aqu\u00ed PDF PERMISO DE BOMBEROS CLINICA ALFA PDF DOCUMENTOS DE PERMISO PARA FUNCIONAMIENTO PDF CADENA DE CUSTODIA MUETSRAS DE AGUA PDF OBSERVACIONES Y REQUERIMIENTOS CLINICA PDF<\/p>\n","protected":false},"author":2,"featured_media":0,"parent":0,"menu_order":0,"comment_status":"closed","ping_status":"closed","template":"","meta":{"footnotes":""},"class_list":["post-9922","page","type-page","status-publish","hentry"],"yoast_head":"<!-- This site is optimized with the Yoast SEO plugin v25.7 - https:\/\/yoast.com\/wordpress\/plugins\/seo\/ -->\n<title>Estudio de Impacto Ambiental Ex post para las etapas de Operaci\u00f3n, mantenimiento y abandono de la actividad de servicios de salud del Hospital B\u00e1sico &quot;Cl\u00ednica Alfa\u201d - Gobierno Aut\u00f3nomo Descentralizado de la Provincia de Esmeraldas<\/title>\n<meta name=\"robots\" content=\"index, follow, max-snippet:-1, max-image-preview:large, max-video-preview:-1\" \/>\n<link rel=\"canonical\" href=\"https:\/\/prefecturadeesmeraldas.gob.ec\/index.php\/estudio-de-impacto-ambiental-ex-post-para-las-etapas-de-operacion-mantenimiento-y-abandono-de-la-actividad-de-servicios-de-salud-del-hospital-basico-clinica-alfa\/\" \/>\n<meta property=\"og:locale\" content=\"es_ES\" \/>\n<meta property=\"og:type\" content=\"article\" \/>\n<meta property=\"og:title\" content=\"Estudio de Impacto Ambiental Ex post para las etapas de Operaci\u00f3n, mantenimiento y abandono de la actividad de servicios de salud del Hospital B\u00e1sico &quot;Cl\u00ednica Alfa\u201d - Gobierno Aut\u00f3nomo Descentralizado de la Provincia de Esmeraldas\" \/>\n<meta property=\"og:description\" content=\"Haz clic aqu\u00ed PDF PERMISO DE BOMBEROS CLINICA ALFA PDF DOCUMENTOS DE PERMISO PARA FUNCIONAMIENTO PDF CADENA DE CUSTODIA MUETSRAS DE AGUA PDF OBSERVACIONES Y REQUERIMIENTOS CLINICA PDF\" \/>\n<meta property=\"og:url\" content=\"https:\/\/prefecturadeesmeraldas.gob.ec\/index.php\/estudio-de-impacto-ambiental-ex-post-para-las-etapas-de-operacion-mantenimiento-y-abandono-de-la-actividad-de-servicios-de-salud-del-hospital-basico-clinica-alfa\/\" \/>\n<meta property=\"og:site_name\" content=\"Gobierno Aut\u00f3nomo Descentralizado de la Provincia de Esmeraldas\" \/>\n<meta property=\"article:publisher\" content=\"https:\/\/www.facebook.com\/PrefecturaEsmeraldas\/\" \/>\n<meta property=\"article:modified_time\" content=\"2021-03-11T19:05:06+00:00\" \/>\n<meta property=\"og:image\" content=\"http:\/\/prefecturadeesmeraldas.gob.ec\/wp-content\/uploads\/2021\/03\/IMPACTO-AMBIENTAL.jpg\" \/>\n<meta name=\"twitter:card\" content=\"summary_large_image\" \/>\n<script type=\"application\/ld+json\" class=\"yoast-schema-graph\">{\"@context\":\"https:\/\/schema.org\",\"@graph\":[{\"@type\":\"WebPage\",\"@id\":\"https:\/\/prefecturadeesmeraldas.gob.ec\/index.php\/estudio-de-impacto-ambiental-ex-post-para-las-etapas-de-operacion-mantenimiento-y-abandono-de-la-actividad-de-servicios-de-salud-del-hospital-basico-clinica-alfa\/\",\"url\":\"https:\/\/prefecturadeesmeraldas.gob.ec\/index.php\/estudio-de-impacto-ambiental-ex-post-para-las-etapas-de-operacion-mantenimiento-y-abandono-de-la-actividad-de-servicios-de-salud-del-hospital-basico-clinica-alfa\/\",\"name\":\"Estudio de Impacto Ambiental Ex post para las etapas de Operaci\u00f3n, mantenimiento y abandono de la actividad de servicios de salud del Hospital B\u00e1sico \\\"Cl\u00ednica Alfa\u201d - Gobierno Aut\u00f3nomo Descentralizado de la Provincia de Esmeraldas\",\"isPartOf\":{\"@id\":\"https:\/\/prefecturadeesmeraldas.gob.ec\/#website\"},\"primaryImageOfPage\":{\"@id\":\"https:\/\/prefecturadeesmeraldas.gob.ec\/index.php\/estudio-de-impacto-ambiental-ex-post-para-las-etapas-de-operacion-mantenimiento-y-abandono-de-la-actividad-de-servicios-de-salud-del-hospital-basico-clinica-alfa\/#primaryimage\"},\"image\":{\"@id\":\"https:\/\/prefecturadeesmeraldas.gob.ec\/index.php\/estudio-de-impacto-ambiental-ex-post-para-las-etapas-de-operacion-mantenimiento-y-abandono-de-la-actividad-de-servicios-de-salud-del-hospital-basico-clinica-alfa\/#primaryimage\"},\"thumbnailUrl\":\"http:\/\/prefecturadeesmeraldas.gob.ec\/wp-content\/uploads\/2021\/03\/IMPACTO-AMBIENTAL.jpg\",\"datePublished\":\"2021-03-11T18:54:26+00:00\",\"dateModified\":\"2021-03-11T19:05:06+00:00\",\"breadcrumb\":{\"@id\":\"https:\/\/prefecturadeesmeraldas.gob.ec\/index.php\/estudio-de-impacto-ambiental-ex-post-para-las-etapas-de-operacion-mantenimiento-y-abandono-de-la-actividad-de-servicios-de-salud-del-hospital-basico-clinica-alfa\/#breadcrumb\"},\"inLanguage\":\"es\",\"potentialAction\":[{\"@type\":\"ReadAction\",\"target\":[\"https:\/\/prefecturadeesmeraldas.gob.ec\/index.php\/estudio-de-impacto-ambiental-ex-post-para-las-etapas-de-operacion-mantenimiento-y-abandono-de-la-actividad-de-servicios-de-salud-del-hospital-basico-clinica-alfa\/\"]}]},{\"@type\":\"ImageObject\",\"inLanguage\":\"es\",\"@id\":\"https:\/\/prefecturadeesmeraldas.gob.ec\/index.php\/estudio-de-impacto-ambiental-ex-post-para-las-etapas-de-operacion-mantenimiento-y-abandono-de-la-actividad-de-servicios-de-salud-del-hospital-basico-clinica-alfa\/#primaryimage\",\"url\":\"http:\/\/prefecturadeesmeraldas.gob.ec\/wp-content\/uploads\/2021\/03\/IMPACTO-AMBIENTAL.jpg\",\"contentUrl\":\"http:\/\/prefecturadeesmeraldas.gob.ec\/wp-content\/uploads\/2021\/03\/IMPACTO-AMBIENTAL.jpg\"},{\"@type\":\"BreadcrumbList\",\"@id\":\"https:\/\/prefecturadeesmeraldas.gob.ec\/index.php\/estudio-de-impacto-ambiental-ex-post-para-las-etapas-de-operacion-mantenimiento-y-abandono-de-la-actividad-de-servicios-de-salud-del-hospital-basico-clinica-alfa\/#breadcrumb\",\"itemListElement\":[{\"@type\":\"ListItem\",\"position\":1,\"name\":\"Home\",\"item\":\"https:\/\/prefecturadeesmeraldas.gob.ec\/\"},{\"@type\":\"ListItem\",\"position\":2,\"name\":\"Estudio de Impacto Ambiental Ex post para las etapas de Operaci\u00f3n, mantenimiento y abandono de la actividad de servicios de salud del Hospital B\u00e1sico &#8220;Cl\u00ednica Alfa\u201d\"}]},{\"@type\":\"WebSite\",\"@id\":\"https:\/\/prefecturadeesmeraldas.gob.ec\/#website\",\"url\":\"https:\/\/prefecturadeesmeraldas.gob.ec\/\",\"name\":\"Gobierno Aut\u00f3nomo Descentralizado de la Provincia de Esmeraldas\",\"description\":\"Gobierno Aut\u00f3nomo Descentralizado de la Provincia de Esmeraldas\",\"publisher\":{\"@id\":\"https:\/\/prefecturadeesmeraldas.gob.ec\/#organization\"},\"potentialAction\":[{\"@type\":\"SearchAction\",\"target\":{\"@type\":\"EntryPoint\",\"urlTemplate\":\"https:\/\/prefecturadeesmeraldas.gob.ec\/?s={search_term_string}\"},\"query-input\":{\"@type\":\"PropertyValueSpecification\",\"valueRequired\":true,\"valueName\":\"search_term_string\"}}],\"inLanguage\":\"es\"},{\"@type\":\"Organization\",\"@id\":\"https:\/\/prefecturadeesmeraldas.gob.ec\/#organization\",\"name\":\"Gobierno Aut\u00f3nomo Descentralizado de la Provincia de Esmeraldas\",\"url\":\"https:\/\/prefecturadeesmeraldas.gob.ec\/\",\"logo\":{\"@type\":\"ImageObject\",\"inLanguage\":\"es\",\"@id\":\"https:\/\/prefecturadeesmeraldas.gob.ec\/#\/schema\/logo\/image\/\",\"url\":\"https:\/\/prefecturadeesmeraldas.gob.ec\/wp-content\/uploads\/2019\/06\/logo.png\",\"contentUrl\":\"https:\/\/prefecturadeesmeraldas.gob.ec\/wp-content\/uploads\/2019\/06\/logo.png\",\"width\":859,\"height\":448,\"caption\":\"Gobierno Aut\u00f3nomo Descentralizado de la Provincia de Esmeraldas\"},\"image\":{\"@id\":\"https:\/\/prefecturadeesmeraldas.gob.ec\/#\/schema\/logo\/image\/\"},\"sameAs\":[\"https:\/\/www.facebook.com\/PrefecturaEsmeraldas\/\"]}]}<\/script>\n<!-- \/ Yoast SEO plugin. -->","yoast_head_json":{"title":"Estudio de Impacto Ambiental Ex post para las etapas de Operaci\u00f3n, mantenimiento y abandono de la actividad de servicios de salud del Hospital B\u00e1sico \"Cl\u00ednica Alfa\u201d - Gobierno Aut\u00f3nomo Descentralizado de la Provincia de Esmeraldas","robots":{"index":"index","follow":"follow","max-snippet":"max-snippet:-1","max-image-preview":"max-image-preview:large","max-video-preview":"max-video-preview:-1"},"canonical":"https:\/\/prefecturadeesmeraldas.gob.ec\/index.php\/estudio-de-impacto-ambiental-ex-post-para-las-etapas-de-operacion-mantenimiento-y-abandono-de-la-actividad-de-servicios-de-salud-del-hospital-basico-clinica-alfa\/","og_locale":"es_ES","og_type":"article","og_title":"Estudio de Impacto Ambiental Ex post para las etapas de Operaci\u00f3n, mantenimiento y abandono de la actividad de servicios de salud del Hospital B\u00e1sico \"Cl\u00ednica Alfa\u201d - Gobierno Aut\u00f3nomo Descentralizado de la Provincia de Esmeraldas","og_description":"Haz clic aqu\u00ed PDF PERMISO DE BOMBEROS CLINICA ALFA PDF DOCUMENTOS DE PERMISO PARA FUNCIONAMIENTO PDF CADENA DE CUSTODIA MUETSRAS DE AGUA PDF OBSERVACIONES Y REQUERIMIENTOS CLINICA PDF","og_url":"https:\/\/prefecturadeesmeraldas.gob.ec\/index.php\/estudio-de-impacto-ambiental-ex-post-para-las-etapas-de-operacion-mantenimiento-y-abandono-de-la-actividad-de-servicios-de-salud-del-hospital-basico-clinica-alfa\/","og_site_name":"Gobierno Aut\u00f3nomo Descentralizado de la Provincia de Esmeraldas","article_publisher":"https:\/\/www.facebook.com\/PrefecturaEsmeraldas\/","article_modified_time":"2021-03-11T19:05:06+00:00","og_image":[{"url":"http:\/\/prefecturadeesmeraldas.gob.ec\/wp-content\/uploads\/2021\/03\/IMPACTO-AMBIENTAL.jpg","type":"","width":"","height":""}],"twitter_card":"summary_large_image","schema":{"@context":"https:\/\/schema.org","@graph":[{"@type":"WebPage","@id":"https:\/\/prefecturadeesmeraldas.gob.ec\/index.php\/estudio-de-impacto-ambiental-ex-post-para-las-etapas-de-operacion-mantenimiento-y-abandono-de-la-actividad-de-servicios-de-salud-del-hospital-basico-clinica-alfa\/","url":"https:\/\/prefecturadeesmeraldas.gob.ec\/index.php\/estudio-de-impacto-ambiental-ex-post-para-las-etapas-de-operacion-mantenimiento-y-abandono-de-la-actividad-de-servicios-de-salud-del-hospital-basico-clinica-alfa\/","name":"Estudio de Impacto Ambiental Ex post para las etapas de Operaci\u00f3n, mantenimiento y abandono de la actividad de servicios de salud del Hospital B\u00e1sico \"Cl\u00ednica Alfa\u201d - Gobierno Aut\u00f3nomo Descentralizado de la Provincia de Esmeraldas","isPartOf":{"@id":"https:\/\/prefecturadeesmeraldas.gob.ec\/#website"},"primaryImageOfPage":{"@id":"https:\/\/prefecturadeesmeraldas.gob.ec\/index.php\/estudio-de-impacto-ambiental-ex-post-para-las-etapas-de-operacion-mantenimiento-y-abandono-de-la-actividad-de-servicios-de-salud-del-hospital-basico-clinica-alfa\/#primaryimage"},"image":{"@id":"https:\/\/prefecturadeesmeraldas.gob.ec\/index.php\/estudio-de-impacto-ambiental-ex-post-para-las-etapas-de-operacion-mantenimiento-y-abandono-de-la-actividad-de-servicios-de-salud-del-hospital-basico-clinica-alfa\/#primaryimage"},"thumbnailUrl":"http:\/\/prefecturadeesmeraldas.gob.ec\/wp-content\/uploads\/2021\/03\/IMPACTO-AMBIENTAL.jpg","datePublished":"2021-03-11T18:54:26+00:00","dateModified":"2021-03-11T19:05:06+00:00","breadcrumb":{"@id":"https:\/\/prefecturadeesmeraldas.gob.ec\/index.php\/estudio-de-impacto-ambiental-ex-post-para-las-etapas-de-operacion-mantenimiento-y-abandono-de-la-actividad-de-servicios-de-salud-del-hospital-basico-clinica-alfa\/#breadcrumb"},"inLanguage":"es","potentialAction":[{"@type":"ReadAction","target":["https:\/\/prefecturadeesmeraldas.gob.ec\/index.php\/estudio-de-impacto-ambiental-ex-post-para-las-etapas-de-operacion-mantenimiento-y-abandono-de-la-actividad-de-servicios-de-salud-del-hospital-basico-clinica-alfa\/"]}]},{"@type":"ImageObject","inLanguage":"es","@id":"https:\/\/prefecturadeesmeraldas.gob.ec\/index.php\/estudio-de-impacto-ambiental-ex-post-para-las-etapas-de-operacion-mantenimiento-y-abandono-de-la-actividad-de-servicios-de-salud-del-hospital-basico-clinica-alfa\/#primaryimage","url":"http:\/\/prefecturadeesmeraldas.gob.ec\/wp-content\/uploads\/2021\/03\/IMPACTO-AMBIENTAL.jpg","contentUrl":"http:\/\/prefecturadeesmeraldas.gob.ec\/wp-content\/uploads\/2021\/03\/IMPACTO-AMBIENTAL.jpg"},{"@type":"BreadcrumbList","@id":"https:\/\/prefecturadeesmeraldas.gob.ec\/index.php\/estudio-de-impacto-ambiental-ex-post-para-las-etapas-de-operacion-mantenimiento-y-abandono-de-la-actividad-de-servicios-de-salud-del-hospital-basico-clinica-alfa\/#breadcrumb","itemListElement":[{"@type":"ListItem","position":1,"name":"Home","item":"https:\/\/prefecturadeesmeraldas.gob.ec\/"},{"@type":"ListItem","position":2,"name":"Estudio de Impacto Ambiental Ex post para las etapas de Operaci\u00f3n, mantenimiento y abandono de la actividad de servicios de salud del Hospital B\u00e1sico &#8220;Cl\u00ednica Alfa\u201d"}]},{"@type":"WebSite","@id":"https:\/\/prefecturadeesmeraldas.gob.ec\/#website","url":"https:\/\/prefecturadeesmeraldas.gob.ec\/","name":"Gobierno Aut\u00f3nomo Descentralizado de la Provincia de Esmeraldas","description":"Gobierno Aut\u00f3nomo Descentralizado de la Provincia de Esmeraldas","publisher":{"@id":"https:\/\/prefecturadeesmeraldas.gob.ec\/#organization"},"potentialAction":[{"@type":"SearchAction","target":{"@type":"EntryPoint","urlTemplate":"https:\/\/prefecturadeesmeraldas.gob.ec\/?s={search_term_string}"},"query-input":{"@type":"PropertyValueSpecification","valueRequired":true,"valueName":"search_term_string"}}],"inLanguage":"es"},{"@type":"Organization","@id":"https:\/\/prefecturadeesmeraldas.gob.ec\/#organization","name":"Gobierno Aut\u00f3nomo Descentralizado de la Provincia de Esmeraldas","url":"https:\/\/prefecturadeesmeraldas.gob.ec\/","logo":{"@type":"ImageObject","inLanguage":"es","@id":"https:\/\/prefecturadeesmeraldas.gob.ec\/#\/schema\/logo\/image\/","url":"https:\/\/prefecturadeesmeraldas.gob.ec\/wp-content\/uploads\/2019\/06\/logo.png","contentUrl":"https:\/\/prefecturadeesmeraldas.gob.ec\/wp-content\/uploads\/2019\/06\/logo.png","width":859,"height":448,"caption":"Gobierno Aut\u00f3nomo Descentralizado de la Provincia de Esmeraldas"},"image":{"@id":"https:\/\/prefecturadeesmeraldas.gob.ec\/#\/schema\/logo\/image\/"},"sameAs":["https:\/\/www.facebook.com\/PrefecturaEsmeraldas\/"]}]}},"_links":{"self":[{"href":"https:\/\/prefecturadeesmeraldas.gob.ec\/index.php\/wp-json\/wp\/v2\/pages\/9922","targetHints":{"allow":["GET"]}}],"collection":[{"href":"https:\/\/prefecturadeesmeraldas.gob.ec\/index.php\/wp-json\/wp\/v2\/pages"}],"about":[{"href":"https:\/\/prefecturadeesmeraldas.gob.ec\/index.php\/wp-json\/wp\/v2\/types\/page"}],"author":[{"embeddable":true,"href":"https:\/\/prefecturadeesmeraldas.gob.ec\/index.php\/wp-json\/wp\/v2\/users\/2"}],"replies":[{"embeddable":true,"href":"https:\/\/prefecturadeesmeraldas.gob.ec\/index.php\/wp-json\/wp\/v2\/comments?post=9922"}],"version-history":[{"count":0,"href":"https:\/\/prefecturadeesmeraldas.gob.ec\/index.php\/wp-json\/wp\/v2\/pages\/9922\/revisions"}],"wp:attachment":[{"href":"https:\/\/prefecturadeesmeraldas.gob.ec\/index.php\/wp-json\/wp\/v2\/media?parent=9922"}],"curies":[{"name":"wp","href":"https:\/\/api.w.org\/{rel}","templated":true}]}}