{"id":658,"date":"2019-07-30T09:57:13","date_gmt":"2019-07-30T14:57:13","guid":{"rendered":"http:\/\/prefecturadeesmeraldas.gob.ec\/?page_id=658"},"modified":"2025-01-15T16:26:52","modified_gmt":"2025-01-15T21:26:52","slug":"gestion-de-planificacion","status":"publish","type":"page","link":"https:\/\/prefecturadeesmeraldas.gob.ec\/index.php\/gestion-de-planificacion\/","title":{"rendered":"Gesti\u00f3n de Planificaci\u00f3n"},"content":{"rendered":"\t\t<div data-elementor-type=\"wp-post\" data-elementor-id=\"658\" class=\"elementor elementor-658\">\n\t\t\t\t\t\t<section class=\"elementor-section elementor-top-section elementor-element elementor-element-3065ada elementor-section-boxed elementor-section-height-default elementor-section-height-default\" data-id=\"3065ada\" data-element_type=\"section\">\n\t\t\t\t\t\t<div class=\"elementor-container elementor-column-gap-default\">\n\t\t\t\t\t<div class=\"elementor-column elementor-col-100 elementor-top-column elementor-element elementor-element-54851b6\" data-id=\"54851b6\" data-element_type=\"column\">\n\t\t\t<div class=\"elementor-widget-wrap elementor-element-populated\">\n\t\t\t\t\t\t<div class=\"elementor-element elementor-element-c26ec54 elementor-widget elementor-widget-text-editor\" data-id=\"c26ec54\" data-element_type=\"widget\" data-widget_type=\"text-editor.default\">\n\t\t\t\t<div class=\"elementor-widget-container\">\n\t\t\t\t\t\t\t\t\t<p><strong>Atribuciones y Responsabilidades:<\/strong><\/p><p>1. Elaborar de manera oportuna y acorde a los plazos establecidos en la Ley, la Programaci\u00f3n Operativa Anual (POA), el Plan Anual de Contrataci\u00f3n (PAC).<\/p><p>2. Formular el Plan de Desarrollo de Ordenamiento Territorial (PDOT).<\/p><p>3. Elaborar el Plan Estrat\u00e9gico Institucional (PEI). 4.<\/p><p>Elaborar el Plan Plurianual Institucional (PPI).<\/p><p>5. Elaborar el Plan Operativo Anual Institucional (POA). 6. Entregar Informaci\u00f3n estad\u00edstica y geogr\u00e1fica de la provincia<\/p><p>\u00a0<\/p><p><strong>Estructura B\u00e1sica:<\/strong><\/p><p>La Gesti\u00f3n de Planificaci\u00f3n, se gestionar\u00e1 a trav\u00e9s de los siguientes Subprocesos:<\/p><p>a) Planificaci\u00f3n de Desarrollo y Ordenamiento Territorial.<br \/>b) Centro Informaci\u00f3n Provincial.<br \/>c) Planificaci\u00f3n Institucional.<br \/>d) Formulaci\u00f3n y Evaluaci\u00f3n de Proyectos.<\/p><p><strong>Funciones:<\/strong> <br \/>1. Dirigir t\u00e9cnicamente la formulaci\u00f3n, actualizaci\u00f3n y\/o modificaci\u00f3n del Plan Provincial de Desarrollo y Ordenamiento Territorial de la provincia.<\/p><p>2. \u00a0Dise\u00f1ar e implementar pol\u00edticas p\u00fablicas en el \u00e1mbito de sus competencias en su circunscripci\u00f3n territorial.<\/p><p>3. Coordinar la ejecuci\u00f3n del Plan de Desarrollo Provincial, articulado con los GADs municipales y parroquiales.<\/p><p>4. Realizar el seguimiento y evaluaci\u00f3n para el cumplimiento de los objetivos, estrategias, metas y la retroalimentaci\u00f3n de los planes complementarios para su ajuste en coordinaci\u00f3n con las unidades de gesti\u00f3n.<\/p><p>5. Coordinar y elaborar el Plan Estrat\u00e9gico Institucional \u2013 PEI, Plan Plurianual Institucional &#8211; PPI, Plan Operativo Anual Institucional \u2013 POA dentro de los plazos establecidos por el ente rector nacional.<\/p><p>6. Analizar y evaluar los planes, programas y proyectos elaborados por las diferentes unidades agregadores de valor, para el cumplimiento de los objetivos y metas definidas en el Plan de Desarrollo Provincial.<\/p><p>7. Coordinar la planificaci\u00f3n institucional con la Nacional, y articularla a procesos de participaci\u00f3n ciudadana.<\/p><p>8. Sistematizar la informaci\u00f3n sobre la ejecuci\u00f3n f\u00edsica y presupuestaria de los planes anuales de Pol\u00edticas P\u00fablicas.<\/p><p>9. Realizar en forma permanente, el seguimiento y rendici\u00f3n de cuentas sobre el cumplimiento de las metas institucionales y territoriales establecidas.<\/p><p>10. Construir y actualizar la informaci\u00f3n geogr\u00e1fica de las intervenciones institucionales.<\/p>\t\t\t\t\t\t\t\t<\/div>\n\t\t\t\t<\/div>\n\t\t\t\t\t<\/div>\n\t\t<\/div>\n\t\t\t\t\t<\/div>\n\t\t<\/section>\n\t\t\t\t<section class=\"elementor-section elementor-top-section elementor-element elementor-element-0893711 elementor-section-boxed elementor-section-height-default elementor-section-height-default\" data-id=\"0893711\" data-element_type=\"section\">\n\t\t\t\t\t\t<div class=\"elementor-container elementor-column-gap-default\">\n\t\t\t\t\t<div class=\"elementor-column elementor-col-100 elementor-top-column elementor-element elementor-element-4467536\" data-id=\"4467536\" data-element_type=\"column\">\n\t\t\t<div class=\"elementor-widget-wrap elementor-element-populated\">\n\t\t\t\t\t\t<div class=\"elementor-element elementor-element-2dc18ec elementor-widget elementor-widget-text-editor\" data-id=\"2dc18ec\" data-element_type=\"widget\" data-widget_type=\"text-editor.default\">\n\t\t\t\t<div class=\"elementor-widget-container\">\n\t\t\t\t\t\t\t\t\t<h2 class=\"hestia-title\">Cont\u00e1ctanos<\/h2>\n<h5 class=\"description\"><\/h5>\n<div class=\"hestia-description\">\n<div class=\"hestia-info info info-horizontal\">\n<div class=\"icon icon-primary\"><i class=\"fas fa-map-marker-alt\"><\/i><\/div>\n<div class=\"description\">\n<h4 class=\"info-title\">Direcci\u00f3n<\/h4>\n<p>Esmeraldas, 10 de Agosto entre Bol\u00edvar y Malec\u00f3n<\/p>\n<\/div>\n<\/div>\n<div class=\"hestia-info info info-horizontal\">\n<div class=\"icon icon-primary\"><i class=\"fas fa-mobile-alt\"><\/i><\/div>\n<div class=\"description\">\n<h4 class=\"info-title\">Tel\u00e9fonos:<\/h4>\n<p>Recepci\u00f3n +593 62721444 Ext 134\/135 Lunes \u2013 Viernes, 8:00-12:30 \/ 13:30-17:00<\/p>\n<\/div>\n<\/div>\n<\/div>\t\t\t\t\t\t\t\t<\/div>\n\t\t\t\t<\/div>\n\t\t\t\t\t<\/div>\n\t\t<\/div>\n\t\t\t\t\t<\/div>\n\t\t<\/section>\n\t\t\t\t<\/div>\n\t\t","protected":false},"excerpt":{"rendered":"<p>Atribuciones y Responsabilidades: 1. Elaborar de manera oportuna y acorde a los plazos establecidos en la Ley, la Programaci\u00f3n Operativa Anual (POA), el Plan Anual de Contrataci\u00f3n (PAC). 2. Formular el Plan de Desarrollo de Ordenamiento Territorial (PDOT). 3. Elaborar el Plan Estrat\u00e9gico Institucional (PEI). 4. Elaborar el Plan Plurianual Institucional (PPI). 5. Elaborar el [&hellip;]<\/p>\n","protected":false},"author":2,"featured_media":0,"parent":0,"menu_order":0,"comment_status":"closed","ping_status":"closed","template":"","meta":{"footnotes":""},"class_list":["post-658","page","type-page","status-publish","hentry"],"yoast_head":"<!-- This site is optimized with the Yoast SEO plugin v25.7 - https:\/\/yoast.com\/wordpress\/plugins\/seo\/ -->\n<title>Gesti\u00f3n de Planificaci\u00f3n - Gobierno Aut\u00f3nomo Descentralizado de la Provincia de Esmeraldas<\/title>\n<meta name=\"robots\" content=\"index, follow, max-snippet:-1, max-image-preview:large, max-video-preview:-1\" \/>\n<link rel=\"canonical\" href=\"https:\/\/prefecturadeesmeraldas.gob.ec\/index.php\/gestion-de-planificacion\/\" \/>\n<meta property=\"og:locale\" content=\"es_ES\" \/>\n<meta property=\"og:type\" content=\"article\" \/>\n<meta property=\"og:title\" content=\"Gesti\u00f3n de Planificaci\u00f3n - Gobierno Aut\u00f3nomo Descentralizado de la Provincia de Esmeraldas\" \/>\n<meta property=\"og:description\" content=\"Atribuciones y Responsabilidades: 1. Elaborar de manera oportuna y acorde a los plazos establecidos en la Ley, la Programaci\u00f3n Operativa Anual (POA), el Plan Anual de Contrataci\u00f3n (PAC). 2. Formular el Plan de Desarrollo de Ordenamiento Territorial (PDOT). 3. Elaborar el Plan Estrat\u00e9gico Institucional (PEI). 4. Elaborar el Plan Plurianual Institucional (PPI). 5. Elaborar el [&hellip;]\" \/>\n<meta property=\"og:url\" content=\"https:\/\/prefecturadeesmeraldas.gob.ec\/index.php\/gestion-de-planificacion\/\" \/>\n<meta property=\"og:site_name\" content=\"Gobierno Aut\u00f3nomo Descentralizado de la Provincia de Esmeraldas\" \/>\n<meta property=\"article:publisher\" content=\"https:\/\/www.facebook.com\/PrefecturaEsmeraldas\/\" \/>\n<meta property=\"article:modified_time\" content=\"2025-01-15T21:26:52+00:00\" \/>\n<meta name=\"twitter:card\" content=\"summary_large_image\" \/>\n<meta name=\"twitter:label1\" content=\"Tiempo de lectura\" \/>\n\t<meta name=\"twitter:data1\" content=\"2 minutos\" \/>\n<script type=\"application\/ld+json\" class=\"yoast-schema-graph\">{\"@context\":\"https:\/\/schema.org\",\"@graph\":[{\"@type\":\"WebPage\",\"@id\":\"https:\/\/prefecturadeesmeraldas.gob.ec\/index.php\/gestion-de-planificacion\/\",\"url\":\"https:\/\/prefecturadeesmeraldas.gob.ec\/index.php\/gestion-de-planificacion\/\",\"name\":\"Gesti\u00f3n de Planificaci\u00f3n - Gobierno Aut\u00f3nomo Descentralizado de la Provincia de Esmeraldas\",\"isPartOf\":{\"@id\":\"https:\/\/prefecturadeesmeraldas.gob.ec\/#website\"},\"datePublished\":\"2019-07-30T14:57:13+00:00\",\"dateModified\":\"2025-01-15T21:26:52+00:00\",\"breadcrumb\":{\"@id\":\"https:\/\/prefecturadeesmeraldas.gob.ec\/index.php\/gestion-de-planificacion\/#breadcrumb\"},\"inLanguage\":\"es\",\"potentialAction\":[{\"@type\":\"ReadAction\",\"target\":[\"https:\/\/prefecturadeesmeraldas.gob.ec\/index.php\/gestion-de-planificacion\/\"]}]},{\"@type\":\"BreadcrumbList\",\"@id\":\"https:\/\/prefecturadeesmeraldas.gob.ec\/index.php\/gestion-de-planificacion\/#breadcrumb\",\"itemListElement\":[{\"@type\":\"ListItem\",\"position\":1,\"name\":\"Home\",\"item\":\"https:\/\/prefecturadeesmeraldas.gob.ec\/\"},{\"@type\":\"ListItem\",\"position\":2,\"name\":\"Gesti\u00f3n de Planificaci\u00f3n\"}]},{\"@type\":\"WebSite\",\"@id\":\"https:\/\/prefecturadeesmeraldas.gob.ec\/#website\",\"url\":\"https:\/\/prefecturadeesmeraldas.gob.ec\/\",\"name\":\"Gobierno Aut\u00f3nomo Descentralizado de la Provincia de Esmeraldas\",\"description\":\"Gobierno Aut\u00f3nomo Descentralizado de la Provincia de Esmeraldas\",\"publisher\":{\"@id\":\"https:\/\/prefecturadeesmeraldas.gob.ec\/#organization\"},\"potentialAction\":[{\"@type\":\"SearchAction\",\"target\":{\"@type\":\"EntryPoint\",\"urlTemplate\":\"https:\/\/prefecturadeesmeraldas.gob.ec\/?s={search_term_string}\"},\"query-input\":{\"@type\":\"PropertyValueSpecification\",\"valueRequired\":true,\"valueName\":\"search_term_string\"}}],\"inLanguage\":\"es\"},{\"@type\":\"Organization\",\"@id\":\"https:\/\/prefecturadeesmeraldas.gob.ec\/#organization\",\"name\":\"Gobierno Aut\u00f3nomo Descentralizado de la Provincia de Esmeraldas\",\"url\":\"https:\/\/prefecturadeesmeraldas.gob.ec\/\",\"logo\":{\"@type\":\"ImageObject\",\"inLanguage\":\"es\",\"@id\":\"https:\/\/prefecturadeesmeraldas.gob.ec\/#\/schema\/logo\/image\/\",\"url\":\"https:\/\/prefecturadeesmeraldas.gob.ec\/wp-content\/uploads\/2019\/06\/logo.png\",\"contentUrl\":\"https:\/\/prefecturadeesmeraldas.gob.ec\/wp-content\/uploads\/2019\/06\/logo.png\",\"width\":859,\"height\":448,\"caption\":\"Gobierno Aut\u00f3nomo Descentralizado de la Provincia de Esmeraldas\"},\"image\":{\"@id\":\"https:\/\/prefecturadeesmeraldas.gob.ec\/#\/schema\/logo\/image\/\"},\"sameAs\":[\"https:\/\/www.facebook.com\/PrefecturaEsmeraldas\/\"]}]}<\/script>\n<!-- \/ Yoast SEO plugin. -->","yoast_head_json":{"title":"Gesti\u00f3n de Planificaci\u00f3n - Gobierno Aut\u00f3nomo Descentralizado de la Provincia de Esmeraldas","robots":{"index":"index","follow":"follow","max-snippet":"max-snippet:-1","max-image-preview":"max-image-preview:large","max-video-preview":"max-video-preview:-1"},"canonical":"https:\/\/prefecturadeesmeraldas.gob.ec\/index.php\/gestion-de-planificacion\/","og_locale":"es_ES","og_type":"article","og_title":"Gesti\u00f3n de Planificaci\u00f3n - Gobierno Aut\u00f3nomo Descentralizado de la Provincia de Esmeraldas","og_description":"Atribuciones y Responsabilidades: 1. Elaborar de manera oportuna y acorde a los plazos establecidos en la Ley, la Programaci\u00f3n Operativa Anual (POA), el Plan Anual de Contrataci\u00f3n (PAC). 2. Formular el Plan de Desarrollo de Ordenamiento Territorial (PDOT). 3. Elaborar el Plan Estrat\u00e9gico Institucional (PEI). 4. Elaborar el Plan Plurianual Institucional (PPI). 5. Elaborar el [&hellip;]","og_url":"https:\/\/prefecturadeesmeraldas.gob.ec\/index.php\/gestion-de-planificacion\/","og_site_name":"Gobierno Aut\u00f3nomo Descentralizado de la Provincia de Esmeraldas","article_publisher":"https:\/\/www.facebook.com\/PrefecturaEsmeraldas\/","article_modified_time":"2025-01-15T21:26:52+00:00","twitter_card":"summary_large_image","twitter_misc":{"Tiempo de lectura":"2 minutos"},"schema":{"@context":"https:\/\/schema.org","@graph":[{"@type":"WebPage","@id":"https:\/\/prefecturadeesmeraldas.gob.ec\/index.php\/gestion-de-planificacion\/","url":"https:\/\/prefecturadeesmeraldas.gob.ec\/index.php\/gestion-de-planificacion\/","name":"Gesti\u00f3n de Planificaci\u00f3n - Gobierno Aut\u00f3nomo Descentralizado de la Provincia de Esmeraldas","isPartOf":{"@id":"https:\/\/prefecturadeesmeraldas.gob.ec\/#website"},"datePublished":"2019-07-30T14:57:13+00:00","dateModified":"2025-01-15T21:26:52+00:00","breadcrumb":{"@id":"https:\/\/prefecturadeesmeraldas.gob.ec\/index.php\/gestion-de-planificacion\/#breadcrumb"},"inLanguage":"es","potentialAction":[{"@type":"ReadAction","target":["https:\/\/prefecturadeesmeraldas.gob.ec\/index.php\/gestion-de-planificacion\/"]}]},{"@type":"BreadcrumbList","@id":"https:\/\/prefecturadeesmeraldas.gob.ec\/index.php\/gestion-de-planificacion\/#breadcrumb","itemListElement":[{"@type":"ListItem","position":1,"name":"Home","item":"https:\/\/prefecturadeesmeraldas.gob.ec\/"},{"@type":"ListItem","position":2,"name":"Gesti\u00f3n de Planificaci\u00f3n"}]},{"@type":"WebSite","@id":"https:\/\/prefecturadeesmeraldas.gob.ec\/#website","url":"https:\/\/prefecturadeesmeraldas.gob.ec\/","name":"Gobierno Aut\u00f3nomo Descentralizado de la Provincia de Esmeraldas","description":"Gobierno Aut\u00f3nomo Descentralizado de la Provincia de Esmeraldas","publisher":{"@id":"https:\/\/prefecturadeesmeraldas.gob.ec\/#organization"},"potentialAction":[{"@type":"SearchAction","target":{"@type":"EntryPoint","urlTemplate":"https:\/\/prefecturadeesmeraldas.gob.ec\/?s={search_term_string}"},"query-input":{"@type":"PropertyValueSpecification","valueRequired":true,"valueName":"search_term_string"}}],"inLanguage":"es"},{"@type":"Organization","@id":"https:\/\/prefecturadeesmeraldas.gob.ec\/#organization","name":"Gobierno Aut\u00f3nomo Descentralizado de la Provincia de Esmeraldas","url":"https:\/\/prefecturadeesmeraldas.gob.ec\/","logo":{"@type":"ImageObject","inLanguage":"es","@id":"https:\/\/prefecturadeesmeraldas.gob.ec\/#\/schema\/logo\/image\/","url":"https:\/\/prefecturadeesmeraldas.gob.ec\/wp-content\/uploads\/2019\/06\/logo.png","contentUrl":"https:\/\/prefecturadeesmeraldas.gob.ec\/wp-content\/uploads\/2019\/06\/logo.png","width":859,"height":448,"caption":"Gobierno Aut\u00f3nomo Descentralizado de la Provincia de Esmeraldas"},"image":{"@id":"https:\/\/prefecturadeesmeraldas.gob.ec\/#\/schema\/logo\/image\/"},"sameAs":["https:\/\/www.facebook.com\/PrefecturaEsmeraldas\/"]}]}},"_links":{"self":[{"href":"https:\/\/prefecturadeesmeraldas.gob.ec\/index.php\/wp-json\/wp\/v2\/pages\/658","targetHints":{"allow":["GET"]}}],"collection":[{"href":"https:\/\/prefecturadeesmeraldas.gob.ec\/index.php\/wp-json\/wp\/v2\/pages"}],"about":[{"href":"https:\/\/prefecturadeesmeraldas.gob.ec\/index.php\/wp-json\/wp\/v2\/types\/page"}],"author":[{"embeddable":true,"href":"https:\/\/prefecturadeesmeraldas.gob.ec\/index.php\/wp-json\/wp\/v2\/users\/2"}],"replies":[{"embeddable":true,"href":"https:\/\/prefecturadeesmeraldas.gob.ec\/index.php\/wp-json\/wp\/v2\/comments?post=658"}],"version-history":[{"count":3,"href":"https:\/\/prefecturadeesmeraldas.gob.ec\/index.php\/wp-json\/wp\/v2\/pages\/658\/revisions"}],"predecessor-version":[{"id":28757,"href":"https:\/\/prefecturadeesmeraldas.gob.ec\/index.php\/wp-json\/wp\/v2\/pages\/658\/revisions\/28757"}],"wp:attachment":[{"href":"https:\/\/prefecturadeesmeraldas.gob.ec\/index.php\/wp-json\/wp\/v2\/media?parent=658"}],"curies":[{"name":"wp","href":"https:\/\/api.w.org\/{rel}","templated":true}]}}