{"id":5966,"date":"2020-09-01T10:43:42","date_gmt":"2020-09-01T15:43:42","guid":{"rendered":"http:\/\/prefecturadeesmeraldas.gob.ec\/?page_id=5966"},"modified":"2022-09-04T18:53:21","modified_gmt":"2022-09-04T23:53:21","slug":"gestion-de-calidad-2","status":"publish","type":"page","link":"https:\/\/prefecturadeesmeraldas.gob.ec\/index.php\/gestion-de-calidad-2\/","title":{"rendered":"Gesti\u00f3n de Calidad"},"content":{"rendered":"\t\t<div data-elementor-type=\"wp-post\" data-elementor-id=\"5966\" class=\"elementor elementor-5966\">\n\t\t\t\t<div class=\"elementor-element elementor-element-ffd1e58 e-flex e-con-boxed e-con e-parent\" data-id=\"ffd1e58\" data-element_type=\"container\">\n\t\t\t\t\t<div class=\"e-con-inner\">\n\t\t<div class=\"elementor-element elementor-element-c5aca35 e-con-full e-flex e-con e-parent\" data-id=\"c5aca35\" data-element_type=\"container\">\n\t\t\t\t<div class=\"elementor-element elementor-element-91dd090 divider_yes elementor-widget elementor-widget-wgl-double-headings\" data-id=\"91dd090\" data-element_type=\"widget\" data-widget_type=\"wgl-double-headings.default\">\n\t\t\t\t<div class=\"elementor-widget-container\">\n\t\t\t\t\t<div class=\"wgl-double_heading aleft\"><div class=\"dbl-subtitle\"><span>Gesti\u00f3n de Calidad<\/span><\/div>                <h3 class=\"dbl-title_wrapper\"><span class=\"dbl-title dbl-title_1\">Con Objetivo En<\/span>                 <\/h3>        <\/div>\t\t\t\t<\/div>\n\t\t\t\t<\/div>\n\t\t\t\t<\/div>\n\t\t<div class=\"elementor-element elementor-element-83bbab7 e-con-full e-flex e-con e-parent\" data-id=\"83bbab7\" data-element_type=\"container\">\n\t\t\t\t<div class=\"elementor-element elementor-element-c25dec9 elementor-widget elementor-widget-text-editor\" data-id=\"c25dec9\" data-element_type=\"widget\" data-widget_type=\"text-editor.default\">\n\t\t\t\t<div class=\"elementor-widget-container\">\n\t\t\t\t\t\t\t\t\t<p>En el marco de la mejora continua y la eficiencia en el cumplimiento de cada una de las funciones que ejercen los funcionarios del Gobierno Provincial, desde la Gesti\u00f3n de Calidad se realiza la campa\u00f1a\u00a0<span style=\"color: #ffffff; background-color: #00aa55;\" class=\"highlighter\"><strong>5S<\/strong><\/span>\u00a0con el fin de concientizar a todos los servidores acerca del uso, mejora, limpieza y orden de sus \u00e1reas de trabajo, con el fin de lograr mayor eficiencia y efectividad en sus labores.<\/p>\t\t\t\t\t\t\t\t<\/div>\n\t\t\t\t<\/div>\n\t\t\t\t<\/div>\n\t\t\t\t\t<\/div>\n\t\t\t\t<\/div>\n\t\t<div class=\"elementor-element elementor-element-3a8a1f6 e-flex e-con-boxed e-con e-parent\" data-id=\"3a8a1f6\" data-element_type=\"container\">\n\t\t\t\t\t<div class=\"e-con-inner\">\n\t\t\t\t<div class=\"elementor-element elementor-element-06e854f elementor-widget elementor-widget-spacer\" data-id=\"06e854f\" data-element_type=\"widget\" data-widget_type=\"spacer.default\">\n\t\t\t\t<div class=\"elementor-widget-container\">\n\t\t\t\t\t\t\t<div class=\"elementor-spacer\">\n\t\t\t<div class=\"elementor-spacer-inner\"><\/div>\n\t\t<\/div>\n\t\t\t\t\t\t<\/div>\n\t\t\t\t<\/div>\n\t\t\t\t\t<\/div>\n\t\t\t\t<\/div>\n\t\t<div class=\"elementor-element elementor-element-faaef57 e-flex e-con-boxed e-con e-parent\" data-id=\"faaef57\" data-element_type=\"container\">\n\t\t\t\t\t<div class=\"e-con-inner\">\n\t\t<div class=\"elementor-element elementor-element-c957126 e-con-full e-flex e-con e-parent\" data-id=\"c957126\" data-element_type=\"container\">\n\t\t\t\t<div class=\"elementor-element elementor-element-eb25583 divider_yes elementor-widget elementor-widget-wgl-double-headings\" data-id=\"eb25583\" data-element_type=\"widget\" data-widget_type=\"wgl-double-headings.default\">\n\t\t\t\t<div class=\"elementor-widget-container\">\n\t\t\t\t\t<div class=\"wgl-double_heading aleft\">                <h3 class=\"dbl-title_wrapper\"><span class=\"dbl-title dbl-title_1\">Antecedentes<\/span>                 <\/h3>        <\/div>\t\t\t\t<\/div>\n\t\t\t\t<\/div>\n\t\t\t\t<\/div>\n\t\t<div class=\"elementor-element elementor-element-9d3fdd5 e-con-full e-flex e-con e-parent\" data-id=\"9d3fdd5\" data-element_type=\"container\">\n\t\t\t\t<div class=\"elementor-element elementor-element-20178ff elementor-widget elementor-widget-text-editor\" data-id=\"20178ff\" data-element_type=\"widget\" data-widget_type=\"text-editor.default\">\n\t\t\t\t<div class=\"elementor-widget-container\">\n\t\t\t\t\t\t\t\t\t<p>La Gesti\u00f3n de Calidad forma parte del Gobierno Provincial desde el a\u00f1o 2012, mediante aprobaci\u00f3n de la m\u00e1xima autoridad, siendo insertada en la Estructura Administrativa del GADPE y en el Presupuesto Institucional, con el fin de buscar la eficiencia y efectividad en todos los procesos internos de la instituci\u00f3n, buscando de esta forma afianzar la\u00a0<strong>gesti\u00f3n de calidad y agilizar la respuesta a los requerimientos de los ciudadanos, mejorando de esta forma su calidad de vida.<\/strong><\/p>\t\t\t\t\t\t\t\t<\/div>\n\t\t\t\t<\/div>\n\t\t\t\t<\/div>\n\t\t\t\t\t<\/div>\n\t\t\t\t<\/div>\n\t\t<div class=\"elementor-element elementor-element-87ee4b9 e-flex e-con-boxed e-con e-parent\" data-id=\"87ee4b9\" data-element_type=\"container\">\n\t\t\t\t\t<div class=\"e-con-inner\">\n\t\t<div class=\"elementor-element elementor-element-c4f9819 e-con-full e-flex e-con e-parent\" data-id=\"c4f9819\" data-element_type=\"container\">\n\t\t\t\t<div class=\"elementor-element elementor-element-8ce60ff divider_yes elementor-widget elementor-widget-wgl-double-headings\" data-id=\"8ce60ff\" data-element_type=\"widget\" data-widget_type=\"wgl-double-headings.default\">\n\t\t\t\t<div class=\"elementor-widget-container\">\n\t\t\t\t\t<div class=\"wgl-double_heading aleft\">                <h3 class=\"dbl-title_wrapper\"><span class=\"dbl-title dbl-title_1\">Pol\u00edticas de Calidad<\/span>                 <\/h3>        <\/div>\t\t\t\t<\/div>\n\t\t\t\t<\/div>\n\t\t\t\t<\/div>\n\t\t<div class=\"elementor-element elementor-element-37875ee e-con-full e-flex e-con e-parent\" data-id=\"37875ee\" data-element_type=\"container\">\n\t\t\t\t<div class=\"elementor-element elementor-element-d9a94d8 elementor-widget elementor-widget-text-editor\" data-id=\"d9a94d8\" data-element_type=\"widget\" data-widget_type=\"text-editor.default\">\n\t\t\t\t<div class=\"elementor-widget-container\">\n\t\t\t\t\t\t\t\t\t<p>El Gobierno Aut\u00f3nomo Descentralizado de la provincia de Esmeraldas, est\u00e1 comprometido a la mejora continua de sus procesos;\u00a0<strong>planificando, ejecutando y desarrollando acciones y proyectos enfocados al cumplimiento de sus competencias<\/strong>, las mismas que tienen como objetivo primordial la atenci\u00f3n a los requerimientos y la mejora en la calidad de vida de sus habitantes, capacitando continuamente a su personal para ser competente y comprometido al cumplimiento de la normativa legal siendo \u00e1giles, eficaces y eficientes.<\/p>\t\t\t\t\t\t\t\t<\/div>\n\t\t\t\t<\/div>\n\t\t\t\t<\/div>\n\t\t\t\t\t<\/div>\n\t\t\t\t<\/div>\n\t\t<div class=\"elementor-element elementor-element-d25d576 e-flex e-con-boxed e-con e-parent\" data-id=\"d25d576\" data-element_type=\"container\">\n\t\t\t\t\t<div class=\"e-con-inner\">\n\t\t\t\t<div class=\"elementor-element elementor-element-5a0bb2e elementor-widget elementor-widget-image\" data-id=\"5a0bb2e\" data-element_type=\"widget\" data-widget_type=\"image.default\">\n\t\t\t\t<div class=\"elementor-widget-container\">\n\t\t\t\t\t\t\t\t\t\t\t\t<figure class=\"wp-caption\">\n\t\t\t\t\t\t\t\t\t\t<img fetchpriority=\"high\" decoding=\"async\" width=\"826\" height=\"620\" src=\"https:\/\/prefecturadeesmeraldas.gob.ec\/wp-content\/uploads\/2020\/09\/GESTION-DE-CALIDAD.jpg\" class=\"attachment-thegov-840-620 size-thegov-840-620 wp-image-5968\" alt=\"\" srcset=\"https:\/\/prefecturadeesmeraldas.gob.ec\/wp-content\/uploads\/2020\/09\/GESTION-DE-CALIDAD.jpg 893w, https:\/\/prefecturadeesmeraldas.gob.ec\/wp-content\/uploads\/2020\/09\/GESTION-DE-CALIDAD-300x225.jpg 300w, https:\/\/prefecturadeesmeraldas.gob.ec\/wp-content\/uploads\/2020\/09\/GESTION-DE-CALIDAD-768x576.jpg 768w\" sizes=\"(max-width: 826px) 100vw, 826px\" \/>\t\t\t\t\t\t\t\t\t\t\t<figcaption class=\"widget-image-caption wp-caption-text\">Capacitaci\u00f3n: Gesti\u00f3n por Procesos.<\/figcaption>\n\t\t\t\t\t\t\t\t\t\t<\/figure>\n\t\t\t\t\t\t\t\t\t<\/div>\n\t\t\t\t<\/div>\n\t\t\t\t\t<\/div>\n\t\t\t\t<\/div>\n\t\t<div class=\"elementor-element elementor-element-4a108ad e-flex e-con-boxed e-con e-parent\" data-id=\"4a108ad\" data-element_type=\"container\">\n\t\t\t\t\t<div class=\"e-con-inner\">\n\t\t\t\t<div class=\"elementor-element elementor-element-e498962 elementor-widget elementor-widget-spacer\" data-id=\"e498962\" data-element_type=\"widget\" data-widget_type=\"spacer.default\">\n\t\t\t\t<div class=\"elementor-widget-container\">\n\t\t\t\t\t\t\t<div class=\"elementor-spacer\">\n\t\t\t<div class=\"elementor-spacer-inner\"><\/div>\n\t\t<\/div>\n\t\t\t\t\t\t<\/div>\n\t\t\t\t<\/div>\n\t\t\t\t\t<\/div>\n\t\t\t\t<\/div>\n\t\t<div class=\"elementor-element elementor-element-cccdc08 e-flex e-con-boxed e-con e-parent\" data-id=\"cccdc08\" data-element_type=\"container\">\n\t\t\t\t\t<div class=\"e-con-inner\">\n\t\t<div class=\"elementor-element elementor-element-c6a8441 e-con-full e-flex e-con e-parent\" data-id=\"c6a8441\" data-element_type=\"container\">\n\t\t\t\t<div class=\"elementor-element elementor-element-2e6263e divider_yes elementor-widget elementor-widget-wgl-double-headings\" data-id=\"2e6263e\" data-element_type=\"widget\" data-widget_type=\"wgl-double-headings.default\">\n\t\t\t\t<div class=\"elementor-widget-container\">\n\t\t\t\t\t<div class=\"wgl-double_heading aleft\"><div class=\"dbl-subtitle\"><span>Capacitaci\u00f3n:<\/span><\/div>                <h3 class=\"dbl-title_wrapper\"><span class=\"dbl-title dbl-title_1\">Gesti\u00f3n por Procesos<\/span>                 <\/h3>        <\/div>\t\t\t\t<\/div>\n\t\t\t\t<\/div>\n\t\t\t\t<\/div>\n\t\t<div class=\"elementor-element elementor-element-4707a29 e-con-full e-flex e-con e-parent\" data-id=\"4707a29\" data-element_type=\"container\">\n\t\t\t\t<div class=\"elementor-element elementor-element-b0a0a25 elementor-widget elementor-widget-text-editor\" data-id=\"b0a0a25\" data-element_type=\"widget\" data-widget_type=\"text-editor.default\">\n\t\t\t\t<div class=\"elementor-widget-container\">\n\t\t\t\t\t\t\t\t\t<p>Dentro de las funciones de la Gesti\u00f3n de Calidad, contempla brindar capacitaciones constantes a las diferentes Gestiones del GADPE, acerca de la gesti\u00f3n por procesos, cumpliendo as\u00ed con una de las actividades esenciales en el POA. (colocar las fotos de la capacitaci\u00f3n dada.<\/p>\t\t\t\t\t\t\t\t<\/div>\n\t\t\t\t<\/div>\n\t\t\t\t<\/div>\n\t\t\t\t\t<\/div>\n\t\t\t\t<\/div>\n\t\t<div class=\"elementor-element elementor-element-f1539d8 e-flex e-con-boxed e-con e-parent\" data-id=\"f1539d8\" data-element_type=\"container\">\n\t\t\t\t\t<div class=\"e-con-inner\">\n\t\t<div class=\"elementor-element elementor-element-21db14c e-con-full e-flex e-con e-parent\" data-id=\"21db14c\" data-element_type=\"container\">\n\t\t\t\t<div class=\"elementor-element elementor-element-3a26067 divider_yes elementor-widget elementor-widget-wgl-double-headings\" data-id=\"3a26067\" data-element_type=\"widget\" data-widget_type=\"wgl-double-headings.default\">\n\t\t\t\t<div class=\"elementor-widget-container\">\n\t\t\t\t\t<div class=\"wgl-double_heading aleft\">                <h3 class=\"dbl-title_wrapper\"><span class=\"dbl-title dbl-title_1\">D\u00eda Mundial de la Calidad<\/span>                 <\/h3>        <\/div>\t\t\t\t<\/div>\n\t\t\t\t<\/div>\n\t\t\t\t<\/div>\n\t\t<div class=\"elementor-element elementor-element-38127dd e-con-full e-flex e-con e-parent\" data-id=\"38127dd\" data-element_type=\"container\">\n\t\t\t\t<div class=\"elementor-element elementor-element-90e0338 elementor-widget elementor-widget-text-editor\" data-id=\"90e0338\" data-element_type=\"widget\" data-widget_type=\"text-editor.default\">\n\t\t\t\t<div class=\"elementor-widget-container\">\n\t\t\t\t\t\t\t\t\t<p>Esta Gesti\u00f3n garantiza la calidad, la eficiencia en todos los procesos de la instituci\u00f3n, sin dejar de lado la calidez que respecta al trato al cliente; es por ello, que por primera vez se realiz\u00f3 el 1er seminario provincial \u201c<strong style=\"font-style: inherit;\">CALIDAD- ESMERALDAS 2019<\/strong>\u201d.\u00a0 Con este motivo, en el mes de noviembre de cada a\u00f1o se realizar\u00e1n eventos que contribuyan a la mejora continua.<\/p>\t\t\t\t\t\t\t\t<\/div>\n\t\t\t\t<\/div>\n\t\t\t\t<\/div>\n\t\t\t\t\t<\/div>\n\t\t\t\t<\/div>\n\t\t<div class=\"elementor-element elementor-element-7719e45 e-flex e-con-boxed e-con e-parent\" data-id=\"7719e45\" data-element_type=\"container\">\n\t\t\t\t\t<div class=\"e-con-inner\">\n\t\t<div class=\"elementor-element elementor-element-07d5d72 e-con-full e-flex e-con e-parent\" data-id=\"07d5d72\" data-element_type=\"container\">\n\t\t\t\t<div class=\"elementor-element elementor-element-27d8ec9 elementor-widget elementor-widget-image\" data-id=\"27d8ec9\" data-element_type=\"widget\" data-widget_type=\"image.default\">\n\t\t\t\t<div class=\"elementor-widget-container\">\n\t\t\t\t\t\t\t\t\t\t\t\t\t\t\t<img decoding=\"async\" width=\"640\" height=\"480\" src=\"https:\/\/prefecturadeesmeraldas.gob.ec\/wp-content\/uploads\/2020\/09\/GESTION-CALIDAD-1.jpg\" class=\"attachment-thegov-840-620 size-thegov-840-620 wp-image-5969\" alt=\"\" srcset=\"https:\/\/prefecturadeesmeraldas.gob.ec\/wp-content\/uploads\/2020\/09\/GESTION-CALIDAD-1.jpg 640w, https:\/\/prefecturadeesmeraldas.gob.ec\/wp-content\/uploads\/2020\/09\/GESTION-CALIDAD-1-300x225.jpg 300w\" sizes=\"(max-width: 640px) 100vw, 640px\" \/>\t\t\t\t\t\t\t\t\t\t\t\t\t\t\t<\/div>\n\t\t\t\t<\/div>\n\t\t\t\t<\/div>\n\t\t<div class=\"elementor-element elementor-element-7384520 e-con-full e-flex e-con e-parent\" data-id=\"7384520\" data-element_type=\"container\">\n\t\t\t\t<div class=\"elementor-element elementor-element-d556d85 elementor-widget elementor-widget-image\" data-id=\"d556d85\" data-element_type=\"widget\" data-widget_type=\"image.default\">\n\t\t\t\t<div class=\"elementor-widget-container\">\n\t\t\t\t\t\t\t\t\t\t\t\t\t\t\t<img decoding=\"async\" width=\"640\" height=\"480\" src=\"https:\/\/prefecturadeesmeraldas.gob.ec\/wp-content\/uploads\/2020\/09\/GESTION-DE-CALIDAD-1.jpg\" class=\"attachment-thegov-840-620 size-thegov-840-620 wp-image-5970\" alt=\"\" srcset=\"https:\/\/prefecturadeesmeraldas.gob.ec\/wp-content\/uploads\/2020\/09\/GESTION-DE-CALIDAD-1.jpg 640w, https:\/\/prefecturadeesmeraldas.gob.ec\/wp-content\/uploads\/2020\/09\/GESTION-DE-CALIDAD-1-300x225.jpg 300w\" sizes=\"(max-width: 640px) 100vw, 640px\" \/>\t\t\t\t\t\t\t\t\t\t\t\t\t\t\t<\/div>\n\t\t\t\t<\/div>\n\t\t\t\t<\/div>\n\t\t\t\t\t<\/div>\n\t\t\t\t<\/div>\n\t\t\t\t<\/div>\n\t\t","protected":false},"excerpt":{"rendered":"<p>Gesti\u00f3n de Calidad Con Objetivo En En el marco de la mejora continua y la eficiencia en el cumplimiento de cada una de las funciones que ejercen los funcionarios del Gobierno Provincial, desde la Gesti\u00f3n de Calidad se realiza la campa\u00f1a\u00a05S\u00a0con el fin de concientizar a todos los servidores acerca del uso, mejora, limpieza y [&hellip;]<\/p>\n","protected":false},"author":2,"featured_media":0,"parent":0,"menu_order":0,"comment_status":"closed","ping_status":"closed","template":"","meta":{"footnotes":""},"class_list":["post-5966","page","type-page","status-publish","hentry"],"yoast_head":"<!-- This site is optimized with the Yoast SEO plugin v25.7 - https:\/\/yoast.com\/wordpress\/plugins\/seo\/ -->\n<title>Gesti\u00f3n de Calidad - Gobierno Aut\u00f3nomo Descentralizado de la Provincia de Esmeraldas<\/title>\n<meta name=\"robots\" content=\"index, follow, max-snippet:-1, max-image-preview:large, max-video-preview:-1\" \/>\n<link rel=\"canonical\" href=\"https:\/\/prefecturadeesmeraldas.gob.ec\/index.php\/gestion-de-calidad-2\/\" \/>\n<meta property=\"og:locale\" content=\"es_ES\" \/>\n<meta property=\"og:type\" content=\"article\" \/>\n<meta property=\"og:title\" content=\"Gesti\u00f3n de Calidad - Gobierno Aut\u00f3nomo Descentralizado de la Provincia de Esmeraldas\" \/>\n<meta property=\"og:description\" content=\"Gesti\u00f3n de Calidad Con Objetivo En En el marco de la mejora continua y la eficiencia en el cumplimiento de cada una de las funciones que ejercen los funcionarios del Gobierno Provincial, desde la Gesti\u00f3n de Calidad se realiza la campa\u00f1a\u00a05S\u00a0con el fin de concientizar a todos los servidores acerca del uso, mejora, limpieza y [&hellip;]\" \/>\n<meta property=\"og:url\" content=\"https:\/\/prefecturadeesmeraldas.gob.ec\/index.php\/gestion-de-calidad-2\/\" \/>\n<meta property=\"og:site_name\" content=\"Gobierno Aut\u00f3nomo Descentralizado de la Provincia de Esmeraldas\" \/>\n<meta property=\"article:publisher\" content=\"https:\/\/www.facebook.com\/PrefecturaEsmeraldas\/\" \/>\n<meta property=\"article:modified_time\" content=\"2022-09-04T23:53:21+00:00\" \/>\n<meta property=\"og:image\" content=\"https:\/\/prefecturadeesmeraldas.gob.ec\/wp-content\/uploads\/2020\/09\/GESTION-DE-CALIDAD.jpg\" \/>\n<meta name=\"twitter:card\" content=\"summary_large_image\" \/>\n<meta name=\"twitter:label1\" content=\"Tiempo de lectura\" \/>\n\t<meta name=\"twitter:data1\" content=\"3 minutos\" \/>\n<script type=\"application\/ld+json\" class=\"yoast-schema-graph\">{\"@context\":\"https:\/\/schema.org\",\"@graph\":[{\"@type\":\"WebPage\",\"@id\":\"https:\/\/prefecturadeesmeraldas.gob.ec\/index.php\/gestion-de-calidad-2\/\",\"url\":\"https:\/\/prefecturadeesmeraldas.gob.ec\/index.php\/gestion-de-calidad-2\/\",\"name\":\"Gesti\u00f3n de Calidad - Gobierno Aut\u00f3nomo Descentralizado de la Provincia de Esmeraldas\",\"isPartOf\":{\"@id\":\"https:\/\/prefecturadeesmeraldas.gob.ec\/#website\"},\"primaryImageOfPage\":{\"@id\":\"https:\/\/prefecturadeesmeraldas.gob.ec\/index.php\/gestion-de-calidad-2\/#primaryimage\"},\"image\":{\"@id\":\"https:\/\/prefecturadeesmeraldas.gob.ec\/index.php\/gestion-de-calidad-2\/#primaryimage\"},\"thumbnailUrl\":\"https:\/\/prefecturadeesmeraldas.gob.ec\/wp-content\/uploads\/2020\/09\/GESTION-DE-CALIDAD.jpg\",\"datePublished\":\"2020-09-01T15:43:42+00:00\",\"dateModified\":\"2022-09-04T23:53:21+00:00\",\"breadcrumb\":{\"@id\":\"https:\/\/prefecturadeesmeraldas.gob.ec\/index.php\/gestion-de-calidad-2\/#breadcrumb\"},\"inLanguage\":\"es\",\"potentialAction\":[{\"@type\":\"ReadAction\",\"target\":[\"https:\/\/prefecturadeesmeraldas.gob.ec\/index.php\/gestion-de-calidad-2\/\"]}]},{\"@type\":\"ImageObject\",\"inLanguage\":\"es\",\"@id\":\"https:\/\/prefecturadeesmeraldas.gob.ec\/index.php\/gestion-de-calidad-2\/#primaryimage\",\"url\":\"https:\/\/prefecturadeesmeraldas.gob.ec\/wp-content\/uploads\/2020\/09\/GESTION-DE-CALIDAD.jpg\",\"contentUrl\":\"https:\/\/prefecturadeesmeraldas.gob.ec\/wp-content\/uploads\/2020\/09\/GESTION-DE-CALIDAD.jpg\",\"width\":893,\"height\":670},{\"@type\":\"BreadcrumbList\",\"@id\":\"https:\/\/prefecturadeesmeraldas.gob.ec\/index.php\/gestion-de-calidad-2\/#breadcrumb\",\"itemListElement\":[{\"@type\":\"ListItem\",\"position\":1,\"name\":\"Home\",\"item\":\"https:\/\/prefecturadeesmeraldas.gob.ec\/\"},{\"@type\":\"ListItem\",\"position\":2,\"name\":\"Gesti\u00f3n de Calidad\"}]},{\"@type\":\"WebSite\",\"@id\":\"https:\/\/prefecturadeesmeraldas.gob.ec\/#website\",\"url\":\"https:\/\/prefecturadeesmeraldas.gob.ec\/\",\"name\":\"Gobierno Aut\u00f3nomo Descentralizado de la Provincia de Esmeraldas\",\"description\":\"Gobierno Aut\u00f3nomo Descentralizado de la Provincia de Esmeraldas\",\"publisher\":{\"@id\":\"https:\/\/prefecturadeesmeraldas.gob.ec\/#organization\"},\"potentialAction\":[{\"@type\":\"SearchAction\",\"target\":{\"@type\":\"EntryPoint\",\"urlTemplate\":\"https:\/\/prefecturadeesmeraldas.gob.ec\/?s={search_term_string}\"},\"query-input\":{\"@type\":\"PropertyValueSpecification\",\"valueRequired\":true,\"valueName\":\"search_term_string\"}}],\"inLanguage\":\"es\"},{\"@type\":\"Organization\",\"@id\":\"https:\/\/prefecturadeesmeraldas.gob.ec\/#organization\",\"name\":\"Gobierno Aut\u00f3nomo Descentralizado de la Provincia de Esmeraldas\",\"url\":\"https:\/\/prefecturadeesmeraldas.gob.ec\/\",\"logo\":{\"@type\":\"ImageObject\",\"inLanguage\":\"es\",\"@id\":\"https:\/\/prefecturadeesmeraldas.gob.ec\/#\/schema\/logo\/image\/\",\"url\":\"https:\/\/prefecturadeesmeraldas.gob.ec\/wp-content\/uploads\/2019\/06\/logo.png\",\"contentUrl\":\"https:\/\/prefecturadeesmeraldas.gob.ec\/wp-content\/uploads\/2019\/06\/logo.png\",\"width\":859,\"height\":448,\"caption\":\"Gobierno Aut\u00f3nomo Descentralizado de la Provincia de Esmeraldas\"},\"image\":{\"@id\":\"https:\/\/prefecturadeesmeraldas.gob.ec\/#\/schema\/logo\/image\/\"},\"sameAs\":[\"https:\/\/www.facebook.com\/PrefecturaEsmeraldas\/\"]}]}<\/script>\n<!-- \/ Yoast SEO plugin. -->","yoast_head_json":{"title":"Gesti\u00f3n de Calidad - Gobierno Aut\u00f3nomo Descentralizado de la Provincia de Esmeraldas","robots":{"index":"index","follow":"follow","max-snippet":"max-snippet:-1","max-image-preview":"max-image-preview:large","max-video-preview":"max-video-preview:-1"},"canonical":"https:\/\/prefecturadeesmeraldas.gob.ec\/index.php\/gestion-de-calidad-2\/","og_locale":"es_ES","og_type":"article","og_title":"Gesti\u00f3n de Calidad - Gobierno Aut\u00f3nomo Descentralizado de la Provincia de Esmeraldas","og_description":"Gesti\u00f3n de Calidad Con Objetivo En En el marco de la mejora continua y la eficiencia en el cumplimiento de cada una de las funciones que ejercen los funcionarios del Gobierno Provincial, desde la Gesti\u00f3n de Calidad se realiza la campa\u00f1a\u00a05S\u00a0con el fin de concientizar a todos los servidores acerca del uso, mejora, limpieza y [&hellip;]","og_url":"https:\/\/prefecturadeesmeraldas.gob.ec\/index.php\/gestion-de-calidad-2\/","og_site_name":"Gobierno Aut\u00f3nomo Descentralizado de la Provincia de Esmeraldas","article_publisher":"https:\/\/www.facebook.com\/PrefecturaEsmeraldas\/","article_modified_time":"2022-09-04T23:53:21+00:00","og_image":[{"url":"https:\/\/prefecturadeesmeraldas.gob.ec\/wp-content\/uploads\/2020\/09\/GESTION-DE-CALIDAD.jpg","type":"","width":"","height":""}],"twitter_card":"summary_large_image","twitter_misc":{"Tiempo de lectura":"3 minutos"},"schema":{"@context":"https:\/\/schema.org","@graph":[{"@type":"WebPage","@id":"https:\/\/prefecturadeesmeraldas.gob.ec\/index.php\/gestion-de-calidad-2\/","url":"https:\/\/prefecturadeesmeraldas.gob.ec\/index.php\/gestion-de-calidad-2\/","name":"Gesti\u00f3n de Calidad - Gobierno Aut\u00f3nomo Descentralizado de la Provincia de Esmeraldas","isPartOf":{"@id":"https:\/\/prefecturadeesmeraldas.gob.ec\/#website"},"primaryImageOfPage":{"@id":"https:\/\/prefecturadeesmeraldas.gob.ec\/index.php\/gestion-de-calidad-2\/#primaryimage"},"image":{"@id":"https:\/\/prefecturadeesmeraldas.gob.ec\/index.php\/gestion-de-calidad-2\/#primaryimage"},"thumbnailUrl":"https:\/\/prefecturadeesmeraldas.gob.ec\/wp-content\/uploads\/2020\/09\/GESTION-DE-CALIDAD.jpg","datePublished":"2020-09-01T15:43:42+00:00","dateModified":"2022-09-04T23:53:21+00:00","breadcrumb":{"@id":"https:\/\/prefecturadeesmeraldas.gob.ec\/index.php\/gestion-de-calidad-2\/#breadcrumb"},"inLanguage":"es","potentialAction":[{"@type":"ReadAction","target":["https:\/\/prefecturadeesmeraldas.gob.ec\/index.php\/gestion-de-calidad-2\/"]}]},{"@type":"ImageObject","inLanguage":"es","@id":"https:\/\/prefecturadeesmeraldas.gob.ec\/index.php\/gestion-de-calidad-2\/#primaryimage","url":"https:\/\/prefecturadeesmeraldas.gob.ec\/wp-content\/uploads\/2020\/09\/GESTION-DE-CALIDAD.jpg","contentUrl":"https:\/\/prefecturadeesmeraldas.gob.ec\/wp-content\/uploads\/2020\/09\/GESTION-DE-CALIDAD.jpg","width":893,"height":670},{"@type":"BreadcrumbList","@id":"https:\/\/prefecturadeesmeraldas.gob.ec\/index.php\/gestion-de-calidad-2\/#breadcrumb","itemListElement":[{"@type":"ListItem","position":1,"name":"Home","item":"https:\/\/prefecturadeesmeraldas.gob.ec\/"},{"@type":"ListItem","position":2,"name":"Gesti\u00f3n de Calidad"}]},{"@type":"WebSite","@id":"https:\/\/prefecturadeesmeraldas.gob.ec\/#website","url":"https:\/\/prefecturadeesmeraldas.gob.ec\/","name":"Gobierno Aut\u00f3nomo Descentralizado de la Provincia de Esmeraldas","description":"Gobierno Aut\u00f3nomo Descentralizado de la Provincia de Esmeraldas","publisher":{"@id":"https:\/\/prefecturadeesmeraldas.gob.ec\/#organization"},"potentialAction":[{"@type":"SearchAction","target":{"@type":"EntryPoint","urlTemplate":"https:\/\/prefecturadeesmeraldas.gob.ec\/?s={search_term_string}"},"query-input":{"@type":"PropertyValueSpecification","valueRequired":true,"valueName":"search_term_string"}}],"inLanguage":"es"},{"@type":"Organization","@id":"https:\/\/prefecturadeesmeraldas.gob.ec\/#organization","name":"Gobierno Aut\u00f3nomo Descentralizado de la Provincia de Esmeraldas","url":"https:\/\/prefecturadeesmeraldas.gob.ec\/","logo":{"@type":"ImageObject","inLanguage":"es","@id":"https:\/\/prefecturadeesmeraldas.gob.ec\/#\/schema\/logo\/image\/","url":"https:\/\/prefecturadeesmeraldas.gob.ec\/wp-content\/uploads\/2019\/06\/logo.png","contentUrl":"https:\/\/prefecturadeesmeraldas.gob.ec\/wp-content\/uploads\/2019\/06\/logo.png","width":859,"height":448,"caption":"Gobierno Aut\u00f3nomo Descentralizado de la Provincia de Esmeraldas"},"image":{"@id":"https:\/\/prefecturadeesmeraldas.gob.ec\/#\/schema\/logo\/image\/"},"sameAs":["https:\/\/www.facebook.com\/PrefecturaEsmeraldas\/"]}]}},"_links":{"self":[{"href":"https:\/\/prefecturadeesmeraldas.gob.ec\/index.php\/wp-json\/wp\/v2\/pages\/5966","targetHints":{"allow":["GET"]}}],"collection":[{"href":"https:\/\/prefecturadeesmeraldas.gob.ec\/index.php\/wp-json\/wp\/v2\/pages"}],"about":[{"href":"https:\/\/prefecturadeesmeraldas.gob.ec\/index.php\/wp-json\/wp\/v2\/types\/page"}],"author":[{"embeddable":true,"href":"https:\/\/prefecturadeesmeraldas.gob.ec\/index.php\/wp-json\/wp\/v2\/users\/2"}],"replies":[{"embeddable":true,"href":"https:\/\/prefecturadeesmeraldas.gob.ec\/index.php\/wp-json\/wp\/v2\/comments?post=5966"}],"version-history":[{"count":0,"href":"https:\/\/prefecturadeesmeraldas.gob.ec\/index.php\/wp-json\/wp\/v2\/pages\/5966\/revisions"}],"wp:attachment":[{"href":"https:\/\/prefecturadeesmeraldas.gob.ec\/index.php\/wp-json\/wp\/v2\/media?parent=5966"}],"curies":[{"name":"wp","href":"https:\/\/api.w.org\/{rel}","templated":true}]}}