{"version":"1.0","provider_name":"Gobierno Aut\u00f3nomo Descentralizado de la Provincia de Esmeraldas","provider_url":"https:\/\/prefecturadeesmeraldas.gob.ec","author_name":"Direcci\u00f3n de Comunicaci\u00f3n","author_url":"https:\/\/prefecturadeesmeraldas.gob.ec\/index.php\/author\/jatenorio\/","title":"UNAMYDESC renueva convenio con OVCI - Gobierno Aut\u00f3nomo Descentralizado de la Provincia de Esmeraldas","type":"rich","width":600,"height":338,"html":"<blockquote class=\"wp-embedded-content\" data-secret=\"a9VNWaYGXL\"><a href=\"https:\/\/prefecturadeesmeraldas.gob.ec\/index.php\/2019\/09\/09\/unamydesc-renueva-convenio-con-ovci\/\">UNAMYDESC renueva convenio con OVCI<\/a><\/blockquote><iframe sandbox=\"allow-scripts\" security=\"restricted\" src=\"https:\/\/prefecturadeesmeraldas.gob.ec\/index.php\/2019\/09\/09\/unamydesc-renueva-convenio-con-ovci\/embed\/#?secret=a9VNWaYGXL\" width=\"600\" height=\"338\" title=\"\u00abUNAMYDESC renueva convenio con OVCI\u00bb \u2014 Gobierno Aut\u00f3nomo Descentralizado de la Provincia de Esmeraldas\" data-secret=\"a9VNWaYGXL\" frameborder=\"0\" marginwidth=\"0\" marginheight=\"0\" scrolling=\"no\" class=\"wp-embedded-content\"><\/iframe><script type=\"text\/javascript\">\n\/* <![CDATA[ *\/\n\/*! This file is auto-generated *\/\n!function(d,l){\"use strict\";l.querySelector&&d.addEventListener&&\"undefined\"!=typeof URL&&(d.wp=d.wp||{},d.wp.receiveEmbedMessage||(d.wp.receiveEmbedMessage=function(e){var t=e.data;if((t||t.secret||t.message||t.value)&&!\/[^a-zA-Z0-9]\/.test(t.secret)){for(var s,r,n,a=l.querySelectorAll('iframe[data-secret=\"'+t.secret+'\"]'),o=l.querySelectorAll('blockquote[data-secret=\"'+t.secret+'\"]'),c=new RegExp(\"^https?:$\",\"i\"),i=0;i<o.length;i++)o[i].style.display=\"none\";for(i=0;i<a.length;i++)s=a[i],e.source===s.contentWindow&&(s.removeAttribute(\"style\"),\"height\"===t.message?(1e3<(r=parseInt(t.value,10))?r=1e3:~~r<200&&(r=200),s.height=r):\"link\"===t.message&&(r=new URL(s.getAttribute(\"src\")),n=new URL(t.value),c.test(n.protocol))&&n.host===r.host&&l.activeElement===s&&(d.top.location.href=t.value))}},d.addEventListener(\"message\",d.wp.receiveEmbedMessage,!1),l.addEventListener(\"DOMContentLoaded\",function(){for(var e,t,s=l.querySelectorAll(\"iframe.wp-embedded-content\"),r=0;r<s.length;r++)(t=(e=s[r]).getAttribute(\"data-secret\"))||(t=Math.random().toString(36).substring(2,12),e.src+=\"#?secret=\"+t,e.setAttribute(\"data-secret\",t)),e.contentWindow.postMessage({message:\"ready\",secret:t},\"*\")},!1)))}(window,document);\n\/* ]]> *\/\n<\/script>\n","thumbnail_url":"https:\/\/prefecturadeesmeraldas.gob.ec\/wp-content\/uploads\/2019\/09\/69867806_432283864161345_3874168669743349760_n.jpg","thumbnail_width":960,"thumbnail_height":503,"description":"Para fortalecer la dotaci\u00f3n de ayudas t\u00e9cnicas a las personas con discapacidad en la provincia, la Prefectura de Esmeraldas a trav\u00e9s de UNAMYDESC, renov\u00f3 el convenio de cooperaci\u00f3n interinstitucional con el Organismo de Voluntariado de Cooperaci\u00f3n Internacional (OVCI). Este convenio consiste en la dotaci\u00f3n de sillas de ruedas posturales, semifuncionales, multifuncionales y est\u00e1ndar; adem\u00e1s, de [&hellip;]"}

Gobierno Autónomo Descentralizado de la Provincia de Esmeraldas

Dirección de Comunicación

UNAMYDESC renueva convenio con OVCI - Gobierno Autónomo Descentralizado de la Provincia de Esmeraldas

<blockquote class="wp-embedded-content" data-secret="a9VNWaYGXL"><a href="https://prefecturadeesmeraldas.gob.ec/index.php/2019/09/09/unamydesc-renueva-convenio-con-ovci/">UNAMYDESC renueva convenio con OVCI</a></blockquote><iframe sandbox="allow-scripts" security="restricted" src="https://prefecturadeesmeraldas.gob.ec/index.php/2019/09/09/unamydesc-renueva-convenio-con-ovci/embed/#?secret=a9VNWaYGXL" width="600" height="338" title="«UNAMYDESC renueva convenio con OVCI» — Gobierno Autónomo Descentralizado de la Provincia de Esmeraldas" data-secret="a9VNWaYGXL" frameborder="0" marginwidth="0" marginheight="0" scrolling="no" class="wp-embedded-content"></iframe><script type="text/javascript">
/* <![CDATA[ */
/*! This file is auto-generated */
!function(d,l){"use strict";l.querySelector&&d.addEventListener&&"undefined"!=typeof URL&&(d.wp=d.wp||{},d.wp.receiveEmbedMessage||(d.wp.receiveEmbedMessage=function(e){var t=e.data;if((t||t.secret||t.message||t.value)&&!/[^a-zA-Z0-9]/.test(t.secret)){for(var s,r,n,a=l.querySelectorAll('iframe[data-secret="'+t.secret+'"]'),o=l.querySelectorAll('blockquote[data-secret="'+t.secret+'"]'),c=new RegExp("^https?:$","i"),i=0;i<o.length;i++)o[i].style.display="none";for(i=0;i<a.length;i++)s=a[i],e.source===s.contentWindow&&(s.removeAttribute("style"),"height"===t.message?(1e3<(r=parseInt(t.value,10))?r=1e3:~~r<200&&(r=200),s.height=r):"link"===t.message&&(r=new URL(s.getAttribute("src")),n=new URL(t.value),c.test(n.protocol))&&n.host===r.host&&l.activeElement===s&&(d.top.location.href=t.value))}},d.addEventListener("message",d.wp.receiveEmbedMessage,!1),l.addEventListener("DOMContentLoaded",function(){for(var e,t,s=l.querySelectorAll("iframe.wp-embedded-content"),r=0;r<s.length;r++)(t=(e=s[r]).getAttribute("data-secret"))||(t=Math.random().toString(36).substring(2,12),e.src+="#?secret="+t,e.setAttribute("data-secret",t)),e.contentWindow.postMessage({message:"ready",secret:t},"*")},!1)))}(window,document);
/* ]]> */
</script>

Para fortalecer la dotación de ayudas técnicas a las personas con discapacidad en la provincia, la Prefectura de Esmeraldas a través de UNAMYDESC, renovó el convenio de cooperación interinstitucional con el Organismo de Voluntariado de Cooperación Internacional (OVCI). Este convenio consiste en la dotación de sillas de ruedas posturales, semifuncionales, multifuncionales y estándar; además, de [&hellip;]
